{"id":268,"date":"2023-12-09T09:52:20","date_gmt":"2023-12-09T09:52:20","guid":{"rendered":"https:\/\/grammatik.islk.kuwi.tu-dortmund.de\/?page_id=268"},"modified":"2023-12-15T14:56:08","modified_gmt":"2023-12-15T14:56:08","slug":"syntaktische-modelle-das-schachtel-boxenmodell","status":"publish","type":"page","link":"https:\/\/grammatik.islk.kuwi.tu-dortmund.de\/index.php\/syntaktische-modelle-das-schachtel-boxenmodell\/","title":{"rendered":"Satzmodelle: Schachtel- oder Boxenmodell"},"content":{"rendered":"\n<p>Heute besch\u00e4ftigen wir uns mit einem weiteren syntaktischen Modell, genauer: mit dem <strong>Schachtel<\/strong>&#8211; bzw. <strong>Boxenmodell<\/strong>. <\/p>\n\n\n\n<p>Zur Erinnerung: Die hier dargestellten syntaktischen Modelle k\u00f6nnen uns dabei helfen, komplexe Satzstrukturen zu durchschauen.<br><br>Das\u00a0<strong>Schachtel-<\/strong> bzw. <strong>Boxenmodell\u00a0<\/strong>legt den Fokus auf die Einbettungsstruktur im Satzgef\u00fcge. Die Verschachtelung der einzelnen Teils\u00e4tze\u00a0wird gut dadurch erkennbar, dass jeder einzelne Teilsatz in dem jeweiligen \u00fcbergeordneten Satz steckt \u2013 so wie eine kleine Schachtel in einer gr\u00f6\u00dferen Schachtel Platz findet. Der vollst\u00e4ndige Satz mit all seinen Teils\u00e4tzen \u2013 also die gr\u00f6\u00dfte \u201aSchachtel\u2018 \u2013 wird als <strong>Gesamtsatz<\/strong> bezeichnet.<br>  <br><\/p>\n\n\n\n<div class=\"h5p-iframe-wrapper\"><iframe id=\"h5p-iframe-16\" class=\"h5p-iframe\" data-content-id=\"16\" style=\"height:1px\" src=\"about:blank\" frameBorder=\"0\" scrolling=\"no\" title=\"Schachtel- oder Boxenmodell: Satz 1\"><\/iframe><\/div>\n\n\n\n<div class=\"h5p-iframe-wrapper\"><iframe id=\"h5p-iframe-18\" class=\"h5p-iframe\" data-content-id=\"18\" style=\"height:1px\" src=\"about:blank\" frameBorder=\"0\" scrolling=\"no\" title=\"Schachtel- oder Boxenmodell: Satz 2\"><\/iframe><\/div>\n","protected":false},"excerpt":{"rendered":"<p>Heute besch\u00e4ftigen wir uns mit einem weiteren syntaktischen Modell, genauer: mit dem Schachtel&#8211; bzw. Boxenmodell. Zur Erinnerung: Die hier dargestellten syntaktischen Modelle k\u00f6nnen uns dabei helfen, komplexe Satzstrukturen zu durchschauen. Das\u00a0Schachtel- bzw. Boxenmodell\u00a0legt den Fokus auf die Einbettungsstruktur im Satzgef\u00fcge. Die Verschachtelung der einzelnen Teils\u00e4tze\u00a0wird gut dadurch erkennbar, dass jeder einzelne Teilsatz in dem jeweiligen [&hellip;]<\/p>\n","protected":false},"author":3,"featured_media":0,"parent":0,"menu_order":0,"comment_status":"closed","ping_status":"closed","template":"","meta":{"footnotes":""},"class_list":["post-268","page","type-page","status-publish","hentry"],"yoast_head":"<!-- This site is optimized with the Yoast SEO plugin v27.5 - https:\/\/yoast.com\/product\/yoast-seo-wordpress\/ -->\n<title>Satzmodelle: Schachtel- oder Boxenmodell - Linguistik des Deutschen: Grammatik und Fachdidaktik<\/title>\n<meta name=\"robots\" content=\"index, follow, max-snippet:-1, max-image-preview:large, max-video-preview:-1\" \/>\n<link rel=\"canonical\" href=\"https:\/\/grammatik.islk.kuwi.tu-dortmund.de\/index.php\/syntaktische-modelle-das-schachtel-boxenmodell\/\" \/>\n<meta property=\"og:locale\" content=\"de_DE\" \/>\n<meta property=\"og:type\" content=\"article\" \/>\n<meta property=\"og:title\" content=\"Satzmodelle: Schachtel- oder Boxenmodell - Linguistik des Deutschen: Grammatik und Fachdidaktik\" \/>\n<meta property=\"og:description\" content=\"Heute besch\u00e4ftigen wir uns mit einem weiteren syntaktischen Modell, genauer: mit dem Schachtel&#8211; bzw. Boxenmodell. Zur Erinnerung: Die hier dargestellten syntaktischen Modelle k\u00f6nnen uns dabei helfen, komplexe Satzstrukturen zu durchschauen. Das\u00a0Schachtel- bzw. Boxenmodell\u00a0legt den Fokus auf die Einbettungsstruktur im Satzgef\u00fcge. Die Verschachtelung der einzelnen Teils\u00e4tze\u00a0wird gut dadurch erkennbar, dass jeder einzelne Teilsatz in dem jeweiligen [&hellip;]\" \/>\n<meta property=\"og:url\" content=\"https:\/\/grammatik.islk.kuwi.tu-dortmund.de\/index.php\/syntaktische-modelle-das-schachtel-boxenmodell\/\" \/>\n<meta property=\"og:site_name\" content=\"Linguistik des Deutschen: Grammatik und Fachdidaktik\" \/>\n<meta property=\"article:modified_time\" content=\"2023-12-15T14:56:08+00:00\" \/>\n<meta name=\"twitter:card\" content=\"summary_large_image\" \/>\n<meta name=\"twitter:label1\" content=\"Gesch\u00e4tzte Lesezeit\" \/>\n\t<meta name=\"twitter:data1\" content=\"1\u00a0Minute\" \/>\n<script type=\"application\/ld+json\" class=\"yoast-schema-graph\">{\"@context\":\"https:\\\/\\\/schema.org\",\"@graph\":[{\"@type\":\"WebPage\",\"@id\":\"https:\\\/\\\/grammatik.islk.kuwi.tu-dortmund.de\\\/index.php\\\/syntaktische-modelle-das-schachtel-boxenmodell\\\/\",\"url\":\"https:\\\/\\\/grammatik.islk.kuwi.tu-dortmund.de\\\/index.php\\\/syntaktische-modelle-das-schachtel-boxenmodell\\\/\",\"name\":\"Satzmodelle: Schachtel- oder Boxenmodell - Linguistik des Deutschen: Grammatik und Fachdidaktik\",\"isPartOf\":{\"@id\":\"https:\\\/\\\/grammatik.islk.kuwi.tu-dortmund.de\\\/#website\"},\"datePublished\":\"2023-12-09T09:52:20+00:00\",\"dateModified\":\"2023-12-15T14:56:08+00:00\",\"breadcrumb\":{\"@id\":\"https:\\\/\\\/grammatik.islk.kuwi.tu-dortmund.de\\\/index.php\\\/syntaktische-modelle-das-schachtel-boxenmodell\\\/#breadcrumb\"},\"inLanguage\":\"de\",\"potentialAction\":[{\"@type\":\"ReadAction\",\"target\":[\"https:\\\/\\\/grammatik.islk.kuwi.tu-dortmund.de\\\/index.php\\\/syntaktische-modelle-das-schachtel-boxenmodell\\\/\"]}]},{\"@type\":\"BreadcrumbList\",\"@id\":\"https:\\\/\\\/grammatik.islk.kuwi.tu-dortmund.de\\\/index.php\\\/syntaktische-modelle-das-schachtel-boxenmodell\\\/#breadcrumb\",\"itemListElement\":[{\"@type\":\"ListItem\",\"position\":1,\"name\":\"Startseite\",\"item\":\"https:\\\/\\\/grammatik.islk.kuwi.tu-dortmund.de\\\/\"},{\"@type\":\"ListItem\",\"position\":2,\"name\":\"Satzmodelle: Schachtel- oder Boxenmodell\"}]},{\"@type\":\"WebSite\",\"@id\":\"https:\\\/\\\/grammatik.islk.kuwi.tu-dortmund.de\\\/#website\",\"url\":\"https:\\\/\\\/grammatik.islk.kuwi.tu-dortmund.de\\\/\",\"name\":\"Linguistik des Deutschen: Grammatik und Fachdidaktik\",\"description\":\"Eine Seite rundum Sprachreflexion\",\"potentialAction\":[{\"@type\":\"SearchAction\",\"target\":{\"@type\":\"EntryPoint\",\"urlTemplate\":\"https:\\\/\\\/grammatik.islk.kuwi.tu-dortmund.de\\\/?s={search_term_string}\"},\"query-input\":{\"@type\":\"PropertyValueSpecification\",\"valueRequired\":true,\"valueName\":\"search_term_string\"}}],\"inLanguage\":\"de\"}]}<\/script>\n<!-- \/ Yoast SEO plugin. -->","yoast_head_json":{"title":"Satzmodelle: Schachtel- oder Boxenmodell - Linguistik des Deutschen: Grammatik und Fachdidaktik","robots":{"index":"index","follow":"follow","max-snippet":"max-snippet:-1","max-image-preview":"max-image-preview:large","max-video-preview":"max-video-preview:-1"},"canonical":"https:\/\/grammatik.islk.kuwi.tu-dortmund.de\/index.php\/syntaktische-modelle-das-schachtel-boxenmodell\/","og_locale":"de_DE","og_type":"article","og_title":"Satzmodelle: Schachtel- oder Boxenmodell - Linguistik des Deutschen: Grammatik und Fachdidaktik","og_description":"Heute besch\u00e4ftigen wir uns mit einem weiteren syntaktischen Modell, genauer: mit dem Schachtel&#8211; bzw. Boxenmodell. Zur Erinnerung: Die hier dargestellten syntaktischen Modelle k\u00f6nnen uns dabei helfen, komplexe Satzstrukturen zu durchschauen. Das\u00a0Schachtel- bzw. Boxenmodell\u00a0legt den Fokus auf die Einbettungsstruktur im Satzgef\u00fcge. Die Verschachtelung der einzelnen Teils\u00e4tze\u00a0wird gut dadurch erkennbar, dass jeder einzelne Teilsatz in dem jeweiligen [&hellip;]","og_url":"https:\/\/grammatik.islk.kuwi.tu-dortmund.de\/index.php\/syntaktische-modelle-das-schachtel-boxenmodell\/","og_site_name":"Linguistik des Deutschen: Grammatik und Fachdidaktik","article_modified_time":"2023-12-15T14:56:08+00:00","twitter_card":"summary_large_image","twitter_misc":{"Gesch\u00e4tzte Lesezeit":"1\u00a0Minute"},"schema":{"@context":"https:\/\/schema.org","@graph":[{"@type":"WebPage","@id":"https:\/\/grammatik.islk.kuwi.tu-dortmund.de\/index.php\/syntaktische-modelle-das-schachtel-boxenmodell\/","url":"https:\/\/grammatik.islk.kuwi.tu-dortmund.de\/index.php\/syntaktische-modelle-das-schachtel-boxenmodell\/","name":"Satzmodelle: Schachtel- oder Boxenmodell - Linguistik des Deutschen: Grammatik und Fachdidaktik","isPartOf":{"@id":"https:\/\/grammatik.islk.kuwi.tu-dortmund.de\/#website"},"datePublished":"2023-12-09T09:52:20+00:00","dateModified":"2023-12-15T14:56:08+00:00","breadcrumb":{"@id":"https:\/\/grammatik.islk.kuwi.tu-dortmund.de\/index.php\/syntaktische-modelle-das-schachtel-boxenmodell\/#breadcrumb"},"inLanguage":"de","potentialAction":[{"@type":"ReadAction","target":["https:\/\/grammatik.islk.kuwi.tu-dortmund.de\/index.php\/syntaktische-modelle-das-schachtel-boxenmodell\/"]}]},{"@type":"BreadcrumbList","@id":"https:\/\/grammatik.islk.kuwi.tu-dortmund.de\/index.php\/syntaktische-modelle-das-schachtel-boxenmodell\/#breadcrumb","itemListElement":[{"@type":"ListItem","position":1,"name":"Startseite","item":"https:\/\/grammatik.islk.kuwi.tu-dortmund.de\/"},{"@type":"ListItem","position":2,"name":"Satzmodelle: Schachtel- oder Boxenmodell"}]},{"@type":"WebSite","@id":"https:\/\/grammatik.islk.kuwi.tu-dortmund.de\/#website","url":"https:\/\/grammatik.islk.kuwi.tu-dortmund.de\/","name":"Linguistik des Deutschen: Grammatik und Fachdidaktik","description":"Eine Seite rundum Sprachreflexion","potentialAction":[{"@type":"SearchAction","target":{"@type":"EntryPoint","urlTemplate":"https:\/\/grammatik.islk.kuwi.tu-dortmund.de\/?s={search_term_string}"},"query-input":{"@type":"PropertyValueSpecification","valueRequired":true,"valueName":"search_term_string"}}],"inLanguage":"de"}]}},"_links":{"self":[{"href":"https:\/\/grammatik.islk.kuwi.tu-dortmund.de\/index.php\/wp-json\/wp\/v2\/pages\/268","targetHints":{"allow":["GET"]}}],"collection":[{"href":"https:\/\/grammatik.islk.kuwi.tu-dortmund.de\/index.php\/wp-json\/wp\/v2\/pages"}],"about":[{"href":"https:\/\/grammatik.islk.kuwi.tu-dortmund.de\/index.php\/wp-json\/wp\/v2\/types\/page"}],"author":[{"embeddable":true,"href":"https:\/\/grammatik.islk.kuwi.tu-dortmund.de\/index.php\/wp-json\/wp\/v2\/users\/3"}],"replies":[{"embeddable":true,"href":"https:\/\/grammatik.islk.kuwi.tu-dortmund.de\/index.php\/wp-json\/wp\/v2\/comments?post=268"}],"version-history":[{"count":9,"href":"https:\/\/grammatik.islk.kuwi.tu-dortmund.de\/index.php\/wp-json\/wp\/v2\/pages\/268\/revisions"}],"predecessor-version":[{"id":674,"href":"https:\/\/grammatik.islk.kuwi.tu-dortmund.de\/index.php\/wp-json\/wp\/v2\/pages\/268\/revisions\/674"}],"wp:attachment":[{"href":"https:\/\/grammatik.islk.kuwi.tu-dortmund.de\/index.php\/wp-json\/wp\/v2\/media?parent=268"}],"curies":[{"name":"wp","href":"https:\/\/api.w.org\/{rel}","templated":true}]}}